s divided by 79.
0
What is the remainder when 230079 is divided by 93?
90
Calculate the remainder when 2079184 is divided by 2113.
2105
Calculate the remainder when 262679 is divided by 241.
230
Calculate the remainder when 63948 is divided by 164.
152
Calculate the remainder when 211096 is divided by 70365.
1
Calculate the remainder when 221297 is divided by 462.
461
What is the remainder when 30604 is divided by 3824?
12
Calculate the remainder when 141312 is divided by 703.
9
Calculate the remainder when 5234 is divided by 168.
26
What is the remainder when 2652 is divided by 395?
282
What is the remainder when 2567 is divided by 16?
7
Calculate the remainder when 1610 is divided by 387.
62
What is the remainder when 404648 is divided by 189?
188
Calculate the remainder when 3749 is divided by 130.
109
What is the remainder when 17753 is divided by 32?
25
What is the remainder when 789315 is divided by 38?
17
What is the remainder when 29468 is divided by 96?
92
What is the remainder when 45217 is divided by 28?
25
What is the remainder when 116280 is divided by 548?
104
Calculate the remainder when 1101021 is divided by 869.
867
What is the remainder when 8433 is divided by 264?
249
Calculate the remainder when 7890 is divided by 3938.
14
What is the remainder when 423 is divided by 389?
34
What is the remainder when 3158 is divided by 442?
64
Calculate the remainder when 22404 is divided by 15.
9
Calculate the remainder when 1959 is divided by 672.
615
Calculate the remainder when 9876 is divided by 1938.
186
Calculate the remainder when 1708 is divided by 228.
112
Calculate the remainder when 3647447 is divided by 13.
11
Calculate the remainder when 55301 is divided by 127.
56
What is the remainder when 13437 is divided by 1677?
21
Calculate the remainder when 21375 is divided by 1069.
1064
What is the remainder when 24275 is divided by 7?
6
Calculate the remainder when 9017 is divided by 1781.
112
What is the remainder when 55122 is divided by 168?
18
Calculate the remainder when 2466 is divided by 14.
2
Calculate the remainder when 56929 is divided by 358.
7
Calculate the remainder when 17564 is divided by 61.
57
What is the remainder when 111301 is divided by 396?
25
What is the remainder when 616 is divided by 216?
184
What is the remainder when 4792 is divided by 27?
13
Calculate the remainder when 231101 is divided by 105.
101
Calculate the remainder when 388435 is divided by 312.
307
What is the remainder when 10903 is divided by 29?
28
What is the remainder when 10028 is divided by 2002?
18
What is the remainder when 1073395 is divided by 20642?
11
Calculate the remainder when 1817 is divided by 449.
21
Calculate the remainder when 32062 is divided by 7934.
326
What is the remainder when 35799 is divided by 535?
489
Calculate the remainder when 657239 is divided by 328613.
13
Calculate the remainder when 1488 is divided by 295.
13
What is the remainder when 762 is divided by 69?
3
Calculate the remainder when 223122 is divided by 24790.
12
What is the remainder when 1982 is divided by 2?
0
What is the remainder when 802825 is divided by 38?
37
Calculate the remainder when 6337 is divided by 924.
793
What is the remainder when 12938 is divided by 107?
98
Calculate the remainder when 15308 is divided by 5099.
11
What is the remainder when 7489 is divided by 630?
559
What is the remainder when 11308 is divided by 582?
250
Calculate the remainder when 1042457 is divided by 390.
377
What is the remainder when 10414 is divided by 5?
4
Calculate the remainder when 128792 is divided by 71.
69
What is the remainder when 2976918 is divided by 13?
9
What is the remainder when 15439 is divided by 7719?
1
What is the remainder when 94256 is divided by 15709?
2
What is the remainder when 2567 is divided by 91?
19
Calculate the remainder when 4684 is divided by 66.
64
Calculate the remainder when 614353 is divided by 35.
33
What is the remainder when 9173 is divided by 31?
28
Calculate the remainder when 60924 is divided by 90.
84
Calculate the remainder when 4442 is divided by 101.
99
Calculate the remainder when 46057 is divided by 475.
457
What is the remainder when 12128 is divided by 40?
8
What is the remainder when 22380 is divided by 177?
78
What is the remainder when 24039 is divided by 173?
165
Calculate the remainder when 44563 is divided by 14845.
28
Calculate the remainder when 2296 is divided by 470.
416
Calculate the remainder when 277818 is divided by 9.
6
Calculate the remainder when 3092 is divided by 3061.
31
What is the remainder when 1901 is divided by 182?
81
Calculate the remainder when 4900668 is divided by 28.
24
What is the remainder when 4426822 is divided by 804?
802
What is the remainder when 15906 is divided by 97?
95
Calculate the remainder when 855 is divided by 302.
251
What is the remainder when 17515 is divided by 805?
610
Calculate the remainder when 25836 is divided by 297.
294
What is the remainder when 29618 is divided by 250?
118
Calculate the remainder when 17394 is divided by 137.
132
What is the remainder when 49649 is divided by 814?
809
What is the remainder when 88457 is divided by 236?
193
Calculate the remainder when 25255 is divided by 12609.
37
Calculate the remainder when 59849 is divided by 14960.
9
Calculate the remainder when 534757 is divided by 3961.
22
Calculate the remainder when 23433 is divided by 1151.
413
What is the remainder when 17713 is divided by 2515?
108
What is the remainder when 28164 is divided by 51?
12
Calculate the remainder when 13526 is divided by 23.
2
Calculate the remainder when 33174 is divided by 28.
22
What is the remainder when 131679 is divided by 5725?
4
Calculate the remainder when 1247 is divided by 237.
62
What is the remainder when 29352 is divided by 381?
15
What is the remainder when 59884 is divided by 110?
44
Calculate the remainder when 46906 is divided by 146.
40
Calculate the remainder when 356708 is divided by 1068.
1064
What is the remainder when 57617 is divided by 27?
26
What is the remainder when 4402 is divided by 23?
9
What is the remainder when 1383172 is divided by 771?
769
Calculate the remainder when 175076 is divided by 7.
6
What is the remainder when 1231 is divided by 371?
118
Calculate the remainder when 27011 is divided by 482.
19
Calculate the remainder when 142141 is divided by 24.
13
What is the remainder when 5139 is divided by 46?
33
Calculate the remainder when 52610 is divided by 5844.
14
What is the remainder when 15514 is divided by 97?
91
Calculate the remainder when 4542 is divided by 640.
62
What is the remainder when 4408 is divided by 42?
40
What is the remainder when 53498 is divided by 111?
107
What is the remainder when 1913 is divided by 475?
13
Calculate the remainder when 109192 is divided by 54595.
2
What is the remainder when 49798 is divided by 25?
23
Calculate the remainder when 4101 is divided by 4039.
62
Calculate the remainder when 106180 is divided by 15.
10
Calculate the remainder when 1485719 is divided by 120.
119
What is the remainder when 3606 is divided by 66?
42
What is the remainder when 32214 is divided by 40?
14
Calculate the remainder when 376 is divided by 368.
8
What is the remainder when 77463 is divided by 19362?
15
What is the remainder when 7310 is divided by 439?
286
Calculate the remainder when 126267 is divided by 345.
342
Calculate the remainder when 110237 is divided by 111.
14
What is the remainder when 1150088 is divided by 94?
92
Calculate the remainder when 2577 is divided by 418.
69
Calculate the remainder when 9042 is divided by 265.
32
Calculate the remainder when 1046 is divided by 258.
14
What is the remainder when 2173 is divided by 20?
13
What is the remainder when 8684 is divided by 24?
20
What is the remainder when 315538 is divided by 157769?
0
What is the remainder when 501 is divided by 18?
15
Calculate the remainder when 722398 is divided by 60199.
10
What is the remainder when 461129 is divided by 127?
119
What is the remainder when 40871 is divided by 771?
8
What is the remainder when 4580 is divided by 2288?
4
Calculate the remainder when 24565 is divided by 29.
2
What is the remainder when 25116 is divided by 1569?
12
Calculate the remainder when 78100 is divi